mposite?
False
Is 5363827019 a composite number?
True
Is 10309895317 a prime number?
True
Is 23803553819 composite?
False
Is 6714118363 composite?
True
Is 13937337943 prime?
True
Is 30460046849 a composite number?
True
Is 182545695197 prime?
False
Is 27818248681 a composite number?
False
Is 59231275609 composite?
True
Is 3974745427 prime?
False
Is 3011302967 a prime number?
True
Is 32405326651 composite?
True
Is 1479563417 composite?
False
Is 118741387559 composite?
False
Is 9602549389 a prime number?
False
Is 431553209411 composite?
False
Is 1243754807 a composite number?
False
Is 1797630217 a prime number?
False
Is 1475789753 composite?
False
Is 6434317807 a composite number?
True
Is 338033263 prime?
False
Is 1001323727 a prime number?
False
Is 95370419 prime?
True
Is 22532809331 prime?
True
Is 91157089 a prime number?
True
Is 3098774593 a prime number?
False
Is 3496892629 a composite number?
True
Is 19615075921 a prime number?
False
Is 20305617289 composite?
False
Is 22962395383 a composite number?
False
Is 23977689139 composite?
False
Is 19844032711 prime?
True
Is 36143717 a prime number?
False
Is 3898979603 a prime number?
True
Is 3996227821 a composite number?
True
Is 124994171 prime?
True
Is 163343809 composite?
False
Is 11108890423 a prime number?
False
Is 8404657241 composite?
True
Is 988837949 prime?
False
Is 288863286499 prime?
False
Is 21996254759 a composite number?
False
Is 837753043 a composite number?
False
Is 140644843 composite?
False
Is 9985727783 a composite number?
True
Is 73774691 a prime number?
True
Is 1755459253 a prime number?
False
Is 7417909861 composite?
True
Is 16883625007 a composite number?
False
Is 75528553781 a composite number?
True
Is 3330783047 a prime number?
True
Is 1636238407 composite?
False
Is 1392058109 composite?
True
Is 188629757 a prime number?
True
Is 23557419029 a prime number?
False
Is 57202524277 prime?
False
Is 949359041 prime?
True
Is 51424829 a composite number?
False
Is 49541829367 a composite number?
True
Is 23962053901 prime?
True
Is 29285257481 prime?
True
Is 114389609 composite?
False
Is 1472703649 composite?
True
Is 15278382107 composite?
False
Is 1098738581 prime?
True
Is 54071524561 a prime number?
False
Is 2898304478 composite?
True
Is 231902651 composite?
False
Is 2212316681 prime?
False
Is 164817733 prime?
True
Is 33962602747 prime?
True
Is 2803874767 a prime number?
True
Is 558717349 a prime number?
True
Is 1444233737 a composite number?
True
Is 30692443619 prime?
True
Is 4976413453 a prime number?
False
Is 1165508101 a prime number?
False
Is 94196689 a composite number?
True
Is 8850156109 a composite number?
False
Is 1639004401 prime?
False
Is 320133767 prime?
False
Is 101419529 composite?
True
Is 1384511813 a prime number?
False
Is 44380515194 a prime number?
False
Is 39836931913 composite?
True
Is 41455467457 composite?
False
Is 1585270669 prime?
True
Is 2939096513 a prime number?
True
Is 4226083079 prime?
True
Is 3794730347 composite?
False
Is 1105618741 a prime number?
False
Is 861029569 a prime number?
True
Is 503228779 a prime number?
False
Is 7286812139 a composite number?
False
Is 2133336899 composite?
True
Is 44658431579 prime?
False
Is 420661643 composite?
False
Is 38301444479 a composite number?
True
Is 254545913 composite?
True
Is 7361916889 prime?
False
Is 8162398633 prime?
False
Is 15856389197 prime?
False
Is 1542103867 a composite number?
True
Is 866369479 prime?
True
Is 30248879 a prime number?
True
Is 24490604659 a prime number?
False
Is 343303699 composite?
False
Is 10208937913 a composite number?
False
Is 4888748383 a prime number?
False
Is 7740914593 a prime number?
True
Is 50320326527 composite?
True
Is 551353577 composite?
True
Is 4739002231 composite?
True
Is 3422243557 composite?
True
Is 484158721 a prime number?
True
Is 33293907077 a prime number?
True
Is 11226951767 a composite number?
True
Is 5948655667 a prime number?
True
Is 987384557 prime?
True
Is 2084295277 a prime number?
False
Is 55213007 prime?
True
Is 10787999813 a composite number?
False
Is 86094579579 a prime number?
False
Is 14429737643 a composite number?
False
Is 3972076397 a composite number?
False
Is 10003999199 a prime number?
True
Is 381925715 prime?
False
Is 16069906093 composite?
True
Is 5512398167 a prime number?
True
Is 15805347271 composite?
True
Is 384301537639 prime?
True
Is 410572138 a composite number?
True
Is 1660817369 a composite number?
True
Is 160815959 composite?
True
Is 3658287427 a prime number?
False
Is 733403191 a composite number?
False
Is 1413427915 a composite number?
True
Is 2723966501 a prime number?
False
Is 2628167711 prime?
False
Is 68899242469 composite?
False
Is 179240417 composite?
False
Is 14330833663 a prime number?
True
Is 8049097337 a composite number?
False
Is 1610221849 a composite number?
True
Is 8929351771 a prime number?
False
Is 628221211 composite?
False
Is 501799799 composite?
True
Is 300157589 a composite number?
False
Is 4430038819 composite?
True
Is 1389067231 composite?
True
Is 1690155833 prime?
False
Is 2138265097 a composite number?
False
Is 15199519967 a composite number?
True
Is 53207759426 a composite number?
True
Is 4941717629 a composite number?
False
Is 179010311 a prime number?
False
Is 19698502451 a composite number?
False
Is 4106142353 a composite number?
False
Is 114301186607 a prime number?
False
Is 47620418687 composite?
True
Is 90415399 prime?
False
Is 77552704751 composite?
False
Is 1768348103 composite?
False
Is 4610582338 composite?
True
Is 33436681813 a prime number?
True
Is 70378211 a prime number?
True
Is 11684235229 composite?
False
Is 322378254451 composite?
True
Is 54126783355 a prime number?
False
Is 80815877137 a composite number?
False
Is 710139961 a prime number?
True
Is 5541727607 prime?
False
Is 22849839767 a prime number?
True
Is 232388549 prime?
True
Is 847887037 prime?
True
Is 60359852733 prime?
False
Is 525475421 a prime number?
True
Is 74213998037 composite?
True
Is 16823596079 composite?
False
Is 46223326843 composite?
False
Is 16884245813 a composite number?
False
Is 9185697977 composite?
False
Is 93074736029 a prime number?
False
Is 1840502509 a prime number?
True
Is 1285246649 composite?
True
Is 177554876767 a composite number?
True
Is 3260694347 a composite number?
False
Is 97318153327 prime?
True
Is 8887808149 a composite number?
True
Is 16019655241 a prime number?
False
Is 109042384193 prime?
False
Is 4310001119 a prime number?
False
Is 1328621027 a prime number?
True
Is 135734279 a prime number?
False
Is 68310359251 composite?
False
Is 1189442993 composite?
False
Is 8272397689 composite?
False
Is 5565057569 a composite number?
False
Is 2797760027 a prime number?
False
Is 80854383811 a prime number?
True
Is 54152471837 a composite number?
True
Is 136907627 prime?
True
Is 1719663739 composite?
False
Is 839008243 prime?
True
Is 139276707881 composite?
False
Is 36869748701 prime?
True
Is 894073927 composite?
False
Is 326283301 a prime number?
True
Is 1455396323 a prime number?
False
Is 85358975341 a prime number?
False
Is 742941886 composite?
True
Is 71925214189 a prime number?
False
Is 12536749363 a composite number?
False
Is 5997542539 a composite number?
False
Is 181995257 a prime number?
True
Is 445589597 a composite number?
True
Is 2039445521 a composite number?
True
Is 1367322703 a prime number?
True
Is 40863003 a composite number?
True
Is 11974295 a composite number?
True
Is 4340735363 a composite number?
True
Is 279099191815 a composite number?
True
Is 347179709 a prime number?
False
Is 651504731 a prime number?
True
Is 529832477 a composite number?
False
Is 12548447669 composite?
True
Is 8861968441 a prime number?
False
Is 389993693 a composite number?
True
Is 6647578267 a prime number?
False
Is 616221439 composite?
False
Is 288742579 a prime number?
True
Is 2933982901 a composite number?
False
Is 13683455081 a prime number?
False
Is 64005457433 prime?
True
Is 872680439 a composite number?
False
Is 640637370115 a composite number?
True
Is 10127320109 a composite number?
True
Is 16261399879 composite?
False
Is 3351954971 composite?
False
Is 10148378869 a prime number?
False
Is 33323833363 a composite number?
False
Is 1045465742 composite?
True
Is 99514559 a prime number?
False
Is 10841016